{"id":2218,"date":"2019-09-23T14:20:59","date_gmt":"2019-09-23T12:20:59","guid":{"rendered":"http:\/\/coachingsavoie.com\/blog\/?page_id=2218"},"modified":"2019-09-23T14:26:16","modified_gmt":"2019-09-23T12:26:16","slug":"actualites","status":"publish","type":"page","link":"https:\/\/coachingsavoie.com\/blog\/actualites\/","title":{"rendered":"Actualit\u00e9s"},"content":{"rendered":"\n<p>Retrouvez ici toute mon actualit\u00e9 : les \u00e9v\u00e8nements publics tels que les conf\u00e9rences, ateliers, mais \u00e9galement les formations dispens\u00e9es au sein de mon organisme de formation Savoie pro<\/p>\n","protected":false},"excerpt":{"rendered":"<p>Retrouvez ici toute mon actualit\u00e9 : les \u00e9v\u00e8nements publics tels que les conf\u00e9rences, ateliers, mais \u00e9galement les formations dispens\u00e9es au sein de mon organisme de formation Savoie pro<\/p>\n","protected":false},"author":2,"featured_media":0,"parent":0,"menu_order":0,"comment_status":"closed","ping_status":"closed","template":"","meta":{"_mi_skip_tracking":false},"categories":[7],"tags":[],"yoast_head":"<!-- This site is optimized with the Yoast SEO plugin v18.1 - https:\/\/yoast.com\/wordpress\/plugins\/seo\/ -->\n<meta name=\"description\" content=\"Une page d\u00e9di\u00e9e \u00e0 l&#039;actualit\u00e9 de votre coach en Savoie, \u00e0 Albertville Fr\u00e9d\u00e9rique Lemoine et aux formations dispens\u00e9es au sein de Savoie pro.\" \/>\n<meta name=\"robots\" content=\"index, follow, max-snippet:-1, max-image-preview:large, max-video-preview:-1\" \/>\n<link rel=\"canonical\" href=\"https:\/\/coachingsavoie.com\/blog\/actualites\/\" \/>\n<meta name=\"twitter:card\" content=\"summary\" \/>\n<meta name=\"twitter:title\" content=\"Actualit\u00e9s Coaching et formation en Savoie\" \/>\n<meta name=\"twitter:description\" content=\"Une page d\u00e9di\u00e9e \u00e0 l&#039;actualit\u00e9 de votre coach en Savoie, \u00e0 Albertville Fr\u00e9d\u00e9rique Lemoine et aux formations dispens\u00e9es au sein de Savoie pro.\" \/>\n<script type=\"application\/ld+json\" class=\"yoast-schema-graph\">{\"@context\":\"https:\/\/schema.org\",\"@graph\":[{\"@type\":\"WebSite\",\"@id\":\"https:\/\/coachingsavoie.com\/blog\/#website\",\"url\":\"https:\/\/coachingsavoie.com\/blog\/\",\"name\":\"Coaching et formation en Savoie\",\"description\":\"Fr\u00e9d\u00e9rique Lemoine, formatrice sp\u00e9cialis\u00e9e en soft skills, coach certifi\u00e9e, conf\u00e9renci\u00e8re et praticien PNL\",\"potentialAction\":[{\"@type\":\"SearchAction\",\"target\":{\"@type\":\"EntryPoint\",\"urlTemplate\":\"https:\/\/coachingsavoie.com\/blog\/?s={search_term_string}\"},\"query-input\":\"required name=search_term_string\"}],\"inLanguage\":\"fr-FR\"},{\"@type\":\"WebPage\",\"@id\":\"https:\/\/coachingsavoie.com\/blog\/actualites\/#webpage\",\"url\":\"https:\/\/coachingsavoie.com\/blog\/actualites\/\",\"name\":\"Actualit\u00e9s Coaching et formation en Savoie\",\"isPartOf\":{\"@id\":\"https:\/\/coachingsavoie.com\/blog\/#website\"},\"datePublished\":\"2019-09-23T12:20:59+00:00\",\"dateModified\":\"2019-09-23T12:26:16+00:00\",\"description\":\"Une page d\u00e9di\u00e9e \u00e0 l'actualit\u00e9 de votre coach en Savoie, \u00e0 Albertville Fr\u00e9d\u00e9rique Lemoine et aux formations dispens\u00e9es au sein de Savoie pro.\",\"breadcrumb\":{\"@id\":\"https:\/\/coachingsavoie.com\/blog\/actualites\/#breadcrumb\"},\"inLanguage\":\"fr-FR\",\"potentialAction\":[{\"@type\":\"ReadAction\",\"target\":[\"https:\/\/coachingsavoie.com\/blog\/actualites\/\"]}]},{\"@type\":\"BreadcrumbList\",\"@id\":\"https:\/\/coachingsavoie.com\/blog\/actualites\/#breadcrumb\",\"itemListElement\":[{\"@type\":\"ListItem\",\"position\":1,\"name\":\"Accueil\",\"item\":\"https:\/\/coachingsavoie.com\/blog\/\"},{\"@type\":\"ListItem\",\"position\":2,\"name\":\"Actualit\u00e9s\"}]}]}<\/script>\n<!-- \/ Yoast SEO plugin. -->","yoast_head_json":{"description":"Une page d\u00e9di\u00e9e \u00e0 l'actualit\u00e9 de votre coach en Savoie, \u00e0 Albertville Fr\u00e9d\u00e9rique Lemoine et aux formations dispens\u00e9es au sein de Savoie pro.","robots":{"index":"index","follow":"follow","max-snippet":"max-snippet:-1","max-image-preview":"max-image-preview:large","max-video-preview":"max-video-preview:-1"},"canonical":"https:\/\/coachingsavoie.com\/blog\/actualites\/","twitter_card":"summary","twitter_title":"Actualit\u00e9s Coaching et formation en Savoie","twitter_description":"Une page d\u00e9di\u00e9e \u00e0 l'actualit\u00e9 de votre coach en Savoie, \u00e0 Albertville Fr\u00e9d\u00e9rique Lemoine et aux formations dispens\u00e9es au sein de Savoie pro.","schema":{"@context":"https:\/\/schema.org","@graph":[{"@type":"WebSite","@id":"https:\/\/coachingsavoie.com\/blog\/#website","url":"https:\/\/coachingsavoie.com\/blog\/","name":"Coaching et formation en Savoie","description":"Fr\u00e9d\u00e9rique Lemoine, formatrice sp\u00e9cialis\u00e9e en soft skills, coach certifi\u00e9e, conf\u00e9renci\u00e8re et praticien PNL","potentialAction":[{"@type":"SearchAction","target":{"@type":"EntryPoint","urlTemplate":"https:\/\/coachingsavoie.com\/blog\/?s={search_term_string}"},"query-input":"required name=search_term_string"}],"inLanguage":"fr-FR"},{"@type":"WebPage","@id":"https:\/\/coachingsavoie.com\/blog\/actualites\/#webpage","url":"https:\/\/coachingsavoie.com\/blog\/actualites\/","name":"Actualit\u00e9s Coaching et formation en Savoie","isPartOf":{"@id":"https:\/\/coachingsavoie.com\/blog\/#website"},"datePublished":"2019-09-23T12:20:59+00:00","dateModified":"2019-09-23T12:26:16+00:00","description":"Une page d\u00e9di\u00e9e \u00e0 l'actualit\u00e9 de votre coach en Savoie, \u00e0 Albertville Fr\u00e9d\u00e9rique Lemoine et aux formations dispens\u00e9es au sein de Savoie pro.","breadcrumb":{"@id":"https:\/\/coachingsavoie.com\/blog\/actualites\/#breadcrumb"},"inLanguage":"fr-FR","potentialAction":[{"@type":"ReadAction","target":["https:\/\/coachingsavoie.com\/blog\/actualites\/"]}]},{"@type":"BreadcrumbList","@id":"https:\/\/coachingsavoie.com\/blog\/actualites\/#breadcrumb","itemListElement":[{"@type":"ListItem","position":1,"name":"Accueil","item":"https:\/\/coachingsavoie.com\/blog\/"},{"@type":"ListItem","position":2,"name":"Actualit\u00e9s"}]}]}},"_links":{"self":[{"href":"https:\/\/coachingsavoie.com\/blog\/wp-json\/wp\/v2\/pages\/2218"}],"collection":[{"href":"https:\/\/coachingsavoie.com\/blog\/wp-json\/wp\/v2\/pages"}],"about":[{"href":"https:\/\/coachingsavoie.com\/blog\/wp-json\/wp\/v2\/types\/page"}],"author":[{"embeddable":true,"href":"https:\/\/coachingsavoie.com\/blog\/wp-json\/wp\/v2\/users\/2"}],"replies":[{"embeddable":true,"href":"https:\/\/coachingsavoie.com\/blog\/wp-json\/wp\/v2\/comments?post=2218"}],"version-history":[{"count":1,"href":"https:\/\/coachingsavoie.com\/blog\/wp-json\/wp\/v2\/pages\/2218\/revisions"}],"predecessor-version":[{"id":2219,"href":"https:\/\/coachingsavoie.com\/blog\/wp-json\/wp\/v2\/pages\/2218\/revisions\/2219"}],"wp:attachment":[{"href":"https:\/\/coachingsavoie.com\/blog\/wp-json\/wp\/v2\/media?parent=2218"}],"wp:term":[{"taxonomy":"category","embeddable":true,"href":"https:\/\/coachingsavoie.com\/blog\/wp-json\/wp\/v2\/categories?post=2218"},{"taxonomy":"post_tag","embeddable":true,"href":"https:\/\/coachingsavoie.com\/blog\/wp-json\/wp\/v2\/tags?post=2218"}],"curies":[{"name":"wp","href":"https:\/\/api.w.org\/{rel}","templated":true}]}}