{"id":1345,"date":"2017-06-13T15:57:27","date_gmt":"2017-06-13T13:57:27","guid":{"rendered":"http:\/\/coachingsavoie.com\/blog\/?page_id=1345"},"modified":"2019-02-16T12:21:33","modified_gmt":"2019-02-16T11:21:33","slug":"enimagesetvideos","status":"publish","type":"page","link":"https:\/\/coachingsavoie.com\/blog\/enimagesetvideos\/","title":{"rendered":"En images et vid\u00e9os"},"content":{"rendered":"<h2><a href=\"https:\/\/coachingsavoie.com\/blog\/wp-content\/uploads\/2017\/06\/clap-film.jpg\"><img loading=\"lazy\" class=\"alignleft wp-image-1361 size-full\" src=\"https:\/\/coachingsavoie.com\/blog\/wp-content\/uploads\/2017\/06\/clap-film.jpg\" alt=\"Vid\u00e9os Fr\u00e9d\u00e9rique Lemoine Coach, formatrice et conf\u00e9renci\u00e8re en Savoie\" width=\"225\" height=\"225\" srcset=\"https:\/\/coachingsavoie.com\/blog\/wp-content\/uploads\/2017\/06\/clap-film.jpg 225w, https:\/\/coachingsavoie.com\/blog\/wp-content\/uploads\/2017\/06\/clap-film-150x150.jpg 150w\" sizes=\"(max-width: 225px) 100vw, 225px\" \/><\/a>Avec le son et l&rsquo;image !<\/h2>\n<p>Dans cet article, quelques photos et extraits vid\u00e9os de mes conf\u00e9rences, ateliers ou formations.<\/p>\n<p>Vous comprendrez qu&rsquo;il est difficile et d\u00e9licat de filmer les entretiens, aussi cette page a pour seul but de vous faire \u00ab\u00a0rencontrer\u00a0\u00bb votre coach.<\/p>\n<p>D\u00e9sol\u00e9e pour le son et l&rsquo;image qui laissent souvent \u00e0 d\u00e9sirer, en m\u00eame temps ce n&rsquo;est pas mon m\u00e9tier !<\/p>\n<p>Merci d&rsquo;avance pour votre indulgence.<\/p>\n\n\n<h3>Extrait de la conf\u00e9rence \u00ab\u00a0les \u00e9motions : utiles ou parasites ?\u00a0\u00bb<\/h3>\n\n\n\n<p>Cliquer pour voir et \u00e9couter la<a href=\"https:\/\/www.facebook.com\/formatriceetcoach\/videos\/743882825991270\/?t=9\"> vid\u00e9o <\/a><\/p>\n\n\n\n<figure class=\"wp-block-image\"><img loading=\"lazy\" width=\"1024\" height=\"576\" src=\"https:\/\/coachingsavoie.com\/blog\/wp-content\/uploads\/2019\/01\/20190117_205234-1024x576.jpg\" alt=\"Vue de la salle Conf\u00e9rence les \u00e9motions, Ugine, 17 Janvier 2019\" class=\"wp-image-1937\" srcset=\"https:\/\/coachingsavoie.com\/blog\/wp-content\/uploads\/2019\/01\/20190117_205234-1024x576.jpg 1024w, https:\/\/coachingsavoie.com\/blog\/wp-content\/uploads\/2019\/01\/20190117_205234-300x169.jpg 300w, https:\/\/coachingsavoie.com\/blog\/wp-content\/uploads\/2019\/01\/20190117_205234-768x432.jpg 768w\" sizes=\"(max-width: 1024px) 100vw, 1024px\" \/><figcaption>180 personnes pr\u00e9sentes, un vrai succ\u00e8s ! <\/figcaption><\/figure>\n\n\n\n<div class=\"wp-block-image\"><figure class=\"alignright\"><a href=\"https:\/\/coachingsavoie.com\/blog\/wp-content\/uploads\/2019\/01\/P1050821.jpg\"><img loading=\"lazy\" width=\"300\" height=\"200\" src=\"https:\/\/coachingsavoie.com\/blog\/wp-content\/uploads\/2019\/01\/P1050821-300x200.jpg\" alt=\"conf\u00e9rence les \u00e9motions utiles ou parasites par Fr\u00e9d\u00e9rique Lemoine\" class=\"wp-image-1931\" srcset=\"https:\/\/coachingsavoie.com\/blog\/wp-content\/uploads\/2019\/01\/P1050821-300x200.jpg 300w, https:\/\/coachingsavoie.com\/blog\/wp-content\/uploads\/2019\/01\/P1050821-768x513.jpg 768w, https:\/\/coachingsavoie.com\/blog\/wp-content\/uploads\/2019\/01\/P1050821-1024x684.jpg 1024w\" sizes=\"(max-width: 300px) 100vw, 300px\" \/><\/a><\/figure><\/div>\n\n\n\n<figure class=\"wp-block-image is-resized\"><a href=\"https:\/\/coachingsavoie.com\/blog\/wp-content\/uploads\/2019\/01\/article-DL-conf\u00e9rence-\u00e9motions.jpg\"><img loading=\"lazy\" src=\"https:\/\/coachingsavoie.com\/blog\/wp-content\/uploads\/2019\/01\/article-DL-conf\u00e9rence-\u00e9motions-300x238.jpg\" alt=\"article Dauphin\u00e9 Lib\u00e9r\u00e9 Conf\u00e9rence Fr\u00e9d\u00e9rique Lemoine\" class=\"wp-image-1941\" width=\"242\" height=\"192\" srcset=\"https:\/\/coachingsavoie.com\/blog\/wp-content\/uploads\/2019\/01\/article-DL-conf\u00e9rence-\u00e9motions-300x238.jpg 300w, https:\/\/coachingsavoie.com\/blog\/wp-content\/uploads\/2019\/01\/article-DL-conf\u00e9rence-\u00e9motions.jpg 510w\" sizes=\"(max-width: 242px) 100vw, 242px\" \/><\/a><figcaption>Annonce de la conf\u00e9rence par le Dauphin\u00e9 Lib\u00e9r\u00e9<\/figcaption><\/figure>\n\n\n\n<div class=\"wp-block-image\"><figure class=\"alignright is-resized\"><img loading=\"lazy\" src=\"https:\/\/coachingsavoie.com\/blog\/wp-content\/uploads\/2019\/01\/20190117_210455flout\u00e9-1-1024x576.jpg\" alt=\"\" class=\"wp-image-1952\" width=\"256\" height=\"144\" srcset=\"https:\/\/coachingsavoie.com\/blog\/wp-content\/uploads\/2019\/01\/20190117_210455flout\u00e9-1-1024x576.jpg 1024w, https:\/\/coachingsavoie.com\/blog\/wp-content\/uploads\/2019\/01\/20190117_210455flout\u00e9-1-300x169.jpg 300w, https:\/\/coachingsavoie.com\/blog\/wp-content\/uploads\/2019\/01\/20190117_210455flout\u00e9-1-768x432.jpg 768w\" sizes=\"(max-width: 256px) 100vw, 256px\" \/><figcaption>Les photos sont volontairement flout\u00e9es afin de pr\u00e9server l&rsquo;anonymat.<\/figcaption><\/figure><\/div>\n\n\n\n<figure class=\"wp-block-image is-resized\"><img loading=\"lazy\" src=\"https:\/\/coachingsavoie.com\/blog\/wp-content\/uploads\/2019\/01\/20190117_205149flout\u00e9-1-1024x576.jpg\" alt=\"\" class=\"wp-image-1953\" width=\"290\" height=\"163\" srcset=\"https:\/\/coachingsavoie.com\/blog\/wp-content\/uploads\/2019\/01\/20190117_205149flout\u00e9-1-1024x576.jpg 1024w, https:\/\/coachingsavoie.com\/blog\/wp-content\/uploads\/2019\/01\/20190117_205149flout\u00e9-1-300x169.jpg 300w, https:\/\/coachingsavoie.com\/blog\/wp-content\/uploads\/2019\/01\/20190117_205149flout\u00e9-1-768x432.jpg 768w\" sizes=\"(max-width: 290px) 100vw, 290px\" \/><figcaption>Une salle attentive et participative, <br>du bonheur!<\/figcaption><\/figure>\n\n\n\n<h2>Conf\u00e9rence \u00ab\u00a0des mots aux maux\u00a0\u00bb<\/h2>\n\n\n\n<div class=\"wp-block-media-text alignwide\"><figure class=\"wp-block-media-text__media\"><img loading=\"lazy\" width=\"239\" height=\"195\" src=\"https:\/\/coachingsavoie.com\/blog\/wp-content\/uploads\/2017\/08\/MOI-CONF-1.jpg\" alt=\"Fr\u00e9d\u00e9rique Lemoine, formatrice, coach, conf\u00e9renci\u00e8re\" class=\"wp-image-1631\"\/><\/figure><div class=\"wp-block-media-text__content\">\n<figure class=\"wp-block-embed is-type-rich is-provider-coaching-et-formation-en-savoie\"><div class=\"wp-block-embed__wrapper\">\n<blockquote class=\"wp-embedded-content\" data-secret=\"5vXIaBf7GL\"><a href=\"https:\/\/coachingsavoie.com\/blog\/conference-des-mots-aux-maux\/\">Conf\u00e9rence \u00ab\u00a0des mots aux maux\u00a0\u00bb<\/a><\/blockquote><iframe class=\"wp-embedded-content\" sandbox=\"allow-scripts\" security=\"restricted\" style=\"position: absolute; clip: rect(1px, 1px, 1px, 1px);\" src=\"https:\/\/coachingsavoie.com\/blog\/conference-des-mots-aux-maux\/embed\/#?secret=5vXIaBf7GL\" data-secret=\"5vXIaBf7GL\" width=\"600\" height=\"338\" title=\"\u00ab\u00a0Conf\u00e9rence \u00ab\u00a0des mots aux maux\u00a0\u00bb\u00a0\u00bb &#8212; Coaching et formation en Savoie\" frameborder=\"0\" marginwidth=\"0\" marginheight=\"0\" scrolling=\"no\"><\/iframe>\n<\/div><\/figure>\n<\/div><\/div>\n\n\n\n<h2>Vid\u00e9o animation conf\u00e9rences Brides les Bains<\/h2>\n\n\n\n<p>Nous avons quasiment tous un doute sur notre niveau de confiance en nous, une conf\u00e9rence permet parfois de le lever. Cliquez sur le lien pour voir et entendre l&rsquo;extrait.<br><a href=\"https:\/\/drive.google.com\/open?id=0B6iGjHYWgkknVUU1Z2N6X0NjZ3c\">Extrait vid\u00e9o Conf\u00e9rence participative Estime, confiance &amp; Co.<\/a><\/p>\n\n\n\n<h3>Quelques images de la conf\u00e9rence sur \u00ab\u00a0La simplicit\u00e9 : art accessible ou art abstrait ?\u00a0\u00bb<\/h3>\n\n\n\n<p>Organis\u00e9e par le CCAS d&rsquo;Ugine le jeudi 16 Novembre. Environ 150 personnes ont pr\u00e9f\u00e9r\u00e9 la conf\u00e9rence au Beaujolais nouveau, victoire ! ).<\/p>\n\n\n\n<figure class=\"wp-block-image\"><img loading=\"lazy\" width=\"1024\" height=\"766\" src=\"https:\/\/coachingsavoie.com\/blog\/wp-content\/uploads\/2017\/11\/conf\u00e9rence-ugine-1024x766.jpg\" alt=\"\" class=\"wp-image-1463\" srcset=\"https:\/\/coachingsavoie.com\/blog\/wp-content\/uploads\/2017\/11\/conf\u00e9rence-ugine-1024x766.jpg 1024w, https:\/\/coachingsavoie.com\/blog\/wp-content\/uploads\/2017\/11\/conf\u00e9rence-ugine-300x224.jpg 300w, https:\/\/coachingsavoie.com\/blog\/wp-content\/uploads\/2017\/11\/conf\u00e9rence-ugine-768x575.jpg 768w\" sizes=\"(max-width: 1024px) 100vw, 1024px\" \/><figcaption>150 personnes ont assist\u00e9 \u00e0 la conf\u00e9rence pour apprendre \u00e0 se simplifier la vie au quotidien<\/figcaption><\/figure>\n\n\n\n<ul class=\"wp-block-gallery columns-1 is-cropped\"><li class=\"blocks-gallery-item\"><figure><img loading=\"lazy\" width=\"750\" height=\"362\" src=\"https:\/\/coachingsavoie.com\/blog\/wp-content\/uploads\/2017\/12\/conf-ugine.jpg\" alt=\"artticle Dauphin\u00e9 lib\u00e9r\u00e9 Fr\u00e9d\u00e9rique Lemoine\" data-id=\"1503\" class=\"wp-image-1503\" srcset=\"https:\/\/coachingsavoie.com\/blog\/wp-content\/uploads\/2017\/12\/conf-ugine.jpg 750w, https:\/\/coachingsavoie.com\/blog\/wp-content\/uploads\/2017\/12\/conf-ugine-300x145.jpg 300w\" sizes=\"(max-width: 750px) 100vw, 750px\" \/><figcaption>Article consacr\u00e9 au succ\u00e8s de la soir\u00e9e<\/figcaption><\/figure><\/li><li class=\"blocks-gallery-item\"><figure><img src=\"blob:http:\/\/coachingsavoie.com\/96476dd1-91d5-48e1-abc6-1aecd9d04ce7\"\/><\/figure><\/li><\/ul>\n\n\n\n<h3>Une certaine vision du coaching en vid\u00e9o<\/h3>\n\n\n\n<p>Une pr\u00e9sentation non exhaustive du coaching lors des ateliers \u00e0 Brides les Bains : <a href=\"https:\/\/drive.google.com\/file\/d\/0B6iGjHYWgkkncUVfbnVab21Sb0U\/view\">vid\u00e9o \u00ab\u00a0Une certaine vision du coaching\u00a0\u00bb<\/a><br><br>Impossible en effet d&rsquo;\u00eatre exhaustive, car le coaching se vit plus qu&rsquo;il ne se dit.  <\/p>\n\n\n\n<h2>Extrait vid\u00e9o de la conf\u00e9rence \u00ab\u00a0invitation \u00e0 l\u00e2cher prise\u00a0\u00bb<\/h2>\n\n\n\n<p>Soir\u00e9e \u00ab\u00a0Copines avec un grand C\u00a0\u00bb, le 8 Mai 2017, \u00e0 Albertville en Savoie. <br>Une soir\u00e9e pour les Femmes et entre Femmes, permettant notamment de d\u00e9couvrir ou renforcer le l\u00e2cher prise : Vid\u00e9o \u00ab\u00a0<a href=\"https:\/\/drive.google.com\/file\/d\/0B6iGjHYWgkknY2RSWW9ZMnZJN0k\/view\">Conf\u00e9rence L\u00e2cher prise\u00a0\u00bb<\/a><\/p>\n\n\n\n<div class=\"wp-block-media-text alignwide\"><figure class=\"wp-block-media-text__media\"><img loading=\"lazy\" width=\"1024\" height=\"801\" src=\"https:\/\/coachingsavoie.com\/blog\/wp-content\/uploads\/2017\/11\/conf-rr-1-1024x801.jpg\" alt=\"\" class=\"wp-image-1469\" srcset=\"https:\/\/coachingsavoie.com\/blog\/wp-content\/uploads\/2017\/11\/conf-rr-1-1024x801.jpg 1024w, https:\/\/coachingsavoie.com\/blog\/wp-content\/uploads\/2017\/11\/conf-rr-1-300x235.jpg 300w, https:\/\/coachingsavoie.com\/blog\/wp-content\/uploads\/2017\/11\/conf-rr-1-768x601.jpg 768w\" sizes=\"(max-width: 1024px) 100vw, 1024px\" \/><\/figure><div class=\"wp-block-media-text__content\">\n<p class=\"has-large-font-size\">2nde \u00e9dition de la Soir\u00e9e Copines<\/p>\n<\/div><\/div>\n\n\n\n<ul class=\"wp-block-gallery columns-1 is-cropped\"><li class=\"blocks-gallery-item\"><figure><img loading=\"lazy\" width=\"396\" height=\"572\" src=\"https:\/\/coachingsavoie.com\/blog\/wp-content\/uploads\/2019\/01\/photo-complet.png\" alt=\"\" data-id=\"1958\" data-link=\"https:\/\/coachingsavoie.com\/blog\/enimagesetvideos\/photo-complet-2\/#main\" class=\"wp-image-1958\" srcset=\"https:\/\/coachingsavoie.com\/blog\/wp-content\/uploads\/2019\/01\/photo-complet.png 396w, https:\/\/coachingsavoie.com\/blog\/wp-content\/uploads\/2019\/01\/photo-complet-208x300.png 208w\" sizes=\"(max-width: 396px) 100vw, 396px\" \/><\/figure><\/li><\/ul>\n\n\n\n<p><\/p>\n","protected":false},"excerpt":{"rendered":"<p>Avec le son et l&rsquo;image ! Dans cet article, quelques photos et extraits vid\u00e9os de mes conf\u00e9rences, ateliers ou formations. Vous comprendrez qu&rsquo;il est difficile et d\u00e9licat de filmer les entretiens, aussi cette page a pour seul but de vous faire \u00ab\u00a0rencontrer\u00a0\u00bb votre coach. D\u00e9sol\u00e9e pour le son et l&rsquo;image qui laissent souvent \u00e0 d\u00e9sirer, [&hellip;]<\/p>\n","protected":false},"author":2,"featured_media":0,"parent":0,"menu_order":0,"comment_status":"closed","ping_status":"closed","template":"","meta":{"_mi_skip_tracking":false},"categories":[],"tags":[],"yoast_head":"<!-- This site is optimized with the Yoast SEO plugin v18.1 - https:\/\/yoast.com\/wordpress\/plugins\/seo\/ -->\n<meta name=\"description\" content=\"Quelques photos et vid\u00e9os pour faire la connaissance de votre future coach en Savoie ! D\u00e9couvrez ma fa\u00e7on d&#039;animer les ateliers ou les conf\u00e9rences.\" \/>\n<meta name=\"robots\" content=\"index, follow, max-snippet:-1, max-image-preview:large, max-video-preview:-1\" \/>\n<link rel=\"canonical\" href=\"https:\/\/coachingsavoie.com\/blog\/enimagesetvideos\/\" \/>\n<meta name=\"twitter:card\" content=\"summary\" \/>\n<meta name=\"twitter:title\" content=\"En images et vid\u00e9os - Coaching et formation en Savoie\" \/>\n<meta name=\"twitter:description\" content=\"Quelques photos et vid\u00e9os pour faire la connaissance de votre future coach en Savoie ! D\u00e9couvrez ma fa\u00e7on d&#039;animer les ateliers ou les conf\u00e9rences.\" \/>\n<meta name=\"twitter:image\" content=\"http:\/\/coachingsavoie.com\/blog\/wp-content\/uploads\/2017\/06\/clap-film.jpg\" \/>\n<meta name=\"twitter:label1\" content=\"Dur\u00e9e de lecture estim\u00e9e\" \/>\n\t<meta name=\"twitter:data1\" content=\"2 minutes\" \/>\n<script type=\"application\/ld+json\" class=\"yoast-schema-graph\">{\"@context\":\"https:\/\/schema.org\",\"@graph\":[{\"@type\":\"WebSite\",\"@id\":\"https:\/\/coachingsavoie.com\/blog\/#website\",\"url\":\"https:\/\/coachingsavoie.com\/blog\/\",\"name\":\"Coaching et formation en Savoie\",\"description\":\"Fr\u00e9d\u00e9rique Lemoine, formatrice sp\u00e9cialis\u00e9e en soft skills, coach certifi\u00e9e, conf\u00e9renci\u00e8re et praticien PNL\",\"potentialAction\":[{\"@type\":\"SearchAction\",\"target\":{\"@type\":\"EntryPoint\",\"urlTemplate\":\"https:\/\/coachingsavoie.com\/blog\/?s={search_term_string}\"},\"query-input\":\"required name=search_term_string\"}],\"inLanguage\":\"fr-FR\"},{\"@type\":\"ImageObject\",\"@id\":\"https:\/\/coachingsavoie.com\/blog\/enimagesetvideos\/#primaryimage\",\"inLanguage\":\"fr-FR\",\"url\":\"http:\/\/coachingsavoie.com\/blog\/wp-content\/uploads\/2017\/06\/clap-film.jpg\",\"contentUrl\":\"http:\/\/coachingsavoie.com\/blog\/wp-content\/uploads\/2017\/06\/clap-film.jpg\"},{\"@type\":\"WebPage\",\"@id\":\"https:\/\/coachingsavoie.com\/blog\/enimagesetvideos\/#webpage\",\"url\":\"https:\/\/coachingsavoie.com\/blog\/enimagesetvideos\/\",\"name\":\"En images et vid\u00e9os - Coaching et formation en Savoie\",\"isPartOf\":{\"@id\":\"https:\/\/coachingsavoie.com\/blog\/#website\"},\"primaryImageOfPage\":{\"@id\":\"https:\/\/coachingsavoie.com\/blog\/enimagesetvideos\/#primaryimage\"},\"datePublished\":\"2017-06-13T13:57:27+00:00\",\"dateModified\":\"2019-02-16T11:21:33+00:00\",\"description\":\"Quelques photos et vid\u00e9os pour faire la connaissance de votre future coach en Savoie ! D\u00e9couvrez ma fa\u00e7on d'animer les ateliers ou les conf\u00e9rences.\",\"breadcrumb\":{\"@id\":\"https:\/\/coachingsavoie.com\/blog\/enimagesetvideos\/#breadcrumb\"},\"inLanguage\":\"fr-FR\",\"potentialAction\":[{\"@type\":\"ReadAction\",\"target\":[\"https:\/\/coachingsavoie.com\/blog\/enimagesetvideos\/\"]}]},{\"@type\":\"BreadcrumbList\",\"@id\":\"https:\/\/coachingsavoie.com\/blog\/enimagesetvideos\/#breadcrumb\",\"itemListElement\":[{\"@type\":\"ListItem\",\"position\":1,\"name\":\"Accueil\",\"item\":\"https:\/\/coachingsavoie.com\/blog\/\"},{\"@type\":\"ListItem\",\"position\":2,\"name\":\"En images et vid\u00e9os\"}]}]}<\/script>\n<!-- \/ Yoast SEO plugin. -->","yoast_head_json":{"description":"Quelques photos et vid\u00e9os pour faire la connaissance de votre future coach en Savoie ! D\u00e9couvrez ma fa\u00e7on d'animer les ateliers ou les conf\u00e9rences.","robots":{"index":"index","follow":"follow","max-snippet":"max-snippet:-1","max-image-preview":"max-image-preview:large","max-video-preview":"max-video-preview:-1"},"canonical":"https:\/\/coachingsavoie.com\/blog\/enimagesetvideos\/","twitter_card":"summary","twitter_title":"En images et vid\u00e9os - Coaching et formation en Savoie","twitter_description":"Quelques photos et vid\u00e9os pour faire la connaissance de votre future coach en Savoie ! D\u00e9couvrez ma fa\u00e7on d'animer les ateliers ou les conf\u00e9rences.","twitter_image":"http:\/\/coachingsavoie.com\/blog\/wp-content\/uploads\/2017\/06\/clap-film.jpg","twitter_misc":{"Dur\u00e9e de lecture estim\u00e9e":"2 minutes"},"schema":{"@context":"https:\/\/schema.org","@graph":[{"@type":"WebSite","@id":"https:\/\/coachingsavoie.com\/blog\/#website","url":"https:\/\/coachingsavoie.com\/blog\/","name":"Coaching et formation en Savoie","description":"Fr\u00e9d\u00e9rique Lemoine, formatrice sp\u00e9cialis\u00e9e en soft skills, coach certifi\u00e9e, conf\u00e9renci\u00e8re et praticien PNL","potentialAction":[{"@type":"SearchAction","target":{"@type":"EntryPoint","urlTemplate":"https:\/\/coachingsavoie.com\/blog\/?s={search_term_string}"},"query-input":"required name=search_term_string"}],"inLanguage":"fr-FR"},{"@type":"ImageObject","@id":"https:\/\/coachingsavoie.com\/blog\/enimagesetvideos\/#primaryimage","inLanguage":"fr-FR","url":"http:\/\/coachingsavoie.com\/blog\/wp-content\/uploads\/2017\/06\/clap-film.jpg","contentUrl":"http:\/\/coachingsavoie.com\/blog\/wp-content\/uploads\/2017\/06\/clap-film.jpg"},{"@type":"WebPage","@id":"https:\/\/coachingsavoie.com\/blog\/enimagesetvideos\/#webpage","url":"https:\/\/coachingsavoie.com\/blog\/enimagesetvideos\/","name":"En images et vid\u00e9os - Coaching et formation en Savoie","isPartOf":{"@id":"https:\/\/coachingsavoie.com\/blog\/#website"},"primaryImageOfPage":{"@id":"https:\/\/coachingsavoie.com\/blog\/enimagesetvideos\/#primaryimage"},"datePublished":"2017-06-13T13:57:27+00:00","dateModified":"2019-02-16T11:21:33+00:00","description":"Quelques photos et vid\u00e9os pour faire la connaissance de votre future coach en Savoie ! D\u00e9couvrez ma fa\u00e7on d'animer les ateliers ou les conf\u00e9rences.","breadcrumb":{"@id":"https:\/\/coachingsavoie.com\/blog\/enimagesetvideos\/#breadcrumb"},"inLanguage":"fr-FR","potentialAction":[{"@type":"ReadAction","target":["https:\/\/coachingsavoie.com\/blog\/enimagesetvideos\/"]}]},{"@type":"BreadcrumbList","@id":"https:\/\/coachingsavoie.com\/blog\/enimagesetvideos\/#breadcrumb","itemListElement":[{"@type":"ListItem","position":1,"name":"Accueil","item":"https:\/\/coachingsavoie.com\/blog\/"},{"@type":"ListItem","position":2,"name":"En images et vid\u00e9os"}]}]}},"_links":{"self":[{"href":"https:\/\/coachingsavoie.com\/blog\/wp-json\/wp\/v2\/pages\/1345"}],"collection":[{"href":"https:\/\/coachingsavoie.com\/blog\/wp-json\/wp\/v2\/pages"}],"about":[{"href":"https:\/\/coachingsavoie.com\/blog\/wp-json\/wp\/v2\/types\/page"}],"author":[{"embeddable":true,"href":"https:\/\/coachingsavoie.com\/blog\/wp-json\/wp\/v2\/users\/2"}],"replies":[{"embeddable":true,"href":"https:\/\/coachingsavoie.com\/blog\/wp-json\/wp\/v2\/comments?post=1345"}],"version-history":[{"count":30,"href":"https:\/\/coachingsavoie.com\/blog\/wp-json\/wp\/v2\/pages\/1345\/revisions"}],"predecessor-version":[{"id":1994,"href":"https:\/\/coachingsavoie.com\/blog\/wp-json\/wp\/v2\/pages\/1345\/revisions\/1994"}],"wp:attachment":[{"href":"https:\/\/coachingsavoie.com\/blog\/wp-json\/wp\/v2\/media?parent=1345"}],"wp:term":[{"taxonomy":"category","embeddable":true,"href":"https:\/\/coachingsavoie.com\/blog\/wp-json\/wp\/v2\/categories?post=1345"},{"taxonomy":"post_tag","embeddable":true,"href":"https:\/\/coachingsavoie.com\/blog\/wp-json\/wp\/v2\/tags?post=1345"}],"curies":[{"name":"wp","href":"https:\/\/api.w.org\/{rel}","templated":true}]}}